Let j = -13 - -113. Calculate the remainder when j is divided by 55.
45
Suppose -d = 2*g - 38, 6*g - 3*g = 4*d + 79. Suppose -4*u = 14 - 78. Let x = -10 + u. Calculate the remainder when g is divided by x.
3
Suppose u - 4*d + 0*d - 36 = 0, 3*u + 4*d - 92 = 0. What is the remainder when 287 is divided by u?
31
Suppose -19*d + 21*d = 4. Suppose 2*v + 3*o - 88 = -o, -2*v + 94 = d*o. Calculate the remainder when v is divided by 19.
12
Let i(u) = -19*u**3 - 21*u**2 - 48*u - 3. Calculate the remainder when i(-2) is divided by 84.
77
Calculate the remainder when 25 is divided by (-1 + 6)/(2/6).
10
Suppose -54*n + 15 = -59*n. What is the remainder when 73 is divided by (n/12)/((-5)/(-8))*-65?
21
Suppose -j = -3*j + 76. Let k(y) = 2*y**2 + y - 2. Let l be k(1). What is the remainder when j is divided by ((-20)/1)/(l/(-1))?
18
Let h be (-33)/(-5)*(10 - 5). Suppose h = y - 5*x, 5*y - x = -4*x + 165. Let u = 28 - 16. Calculate the remainder when y is divided by u.
9
Let j = 10 + -6. Let h(n) = -n**2 + 17*n - 27. Let g be h(15). Suppose -g*v + 5*w + 9 = -23, 0 = -3*v - w + 26. What is the remainder when v is divided by j?
1
Let j = 89 - 77. What is the remainder when (-4)/(-8)*191*2 is divided by j?
11
Let o(t) = t**3 - t**2 - 3*t. Let z = -146 - -113. Let c = -9 - z. Calculate the remainder when c is divided by o(3).
6
Suppose 147 = 3*n - 0*n. Calculate the remainder when n is divided by 14.
7
Suppose 9*f = -0*f + 396. What is the remainder when f is divided by 16?
12
Suppose 5*t - 1080 = -7*t. Suppose 21*q - 27*q + t = 0. What is the remainder when 26 is divided by q?
11
Suppose 4 = 4*r - 24. Suppose -r*n = -4*n - 24. What is the remainder when 29 is divided by n?
5
Let s(f) = -2*f**3 - 98*f**2 - 10*f - 248. Calculate the remainder when s(-49) is divided by 62.
56
Suppose 0 = -10*r + 5*r + 4*p + 137, r - 34 = 3*p. Calculate the remainder when 87 is divided by r.
12
Let b be 6/15*100/8. Suppose 0 = -4*i - 4*p + 308, -b*i + 2*p = -345 - 5. What is the remainder when i is divided by 19?
15
What is the remainder when (-3)/(-24)*-122*-8 is divided by (-1)/(1296/186 - 7)?
29
Suppose -7*c + 2*c - 3*y = -35, 0 = -4*c + 5*y - 9. Suppose -c*i - 8 = -92. What is the remainder when i is divided by 12?
9
Let o(i) = i**2 + 15*i + 55. Let t be o(-7). Calculate the remainder when t - -24*6/3 is divided by 6.
5
What is the remainder when (-6 + 76/12)/((-2)/(-1038)) is divided by 11?
8
Let k(g) = -3*g + 29. Let c(m) = 4*m - 30. Let n(j) = 4*c(j) + 5*k(j). Suppose 284*a = 264*a + 340. What is the remainder when n(a) is divided by 23?
19
Suppose 619 = t + 5*p, -5*t + 5107 - 2054 = 4*p. Suppose 4*f - t = 95. Suppose -5*j + 34 + f = 0. Calculate the remainder when j is divided by 11.
9
Suppose -6*c + 3*c - 58 = h, 106 = -5*c - 4*h. Let d = c + 24. Suppose 2*y + 48 = d*y. Calculate the remainder when 34 is divided by y.
10
Let x = 525 - 384. What is the remainder when x is divided by 13?
11
Suppose -22*g + 28*g = 2928. What is the remainder when g is divided by 12?
8
Let q(w) = 824*w + 159. Calculate the remainder when q(4) is divided by 19.
16
Let j(z) = -z**3 - 5*z**2 - 6. Let o be j(-5). Let x = 14 + o. What is the remainder when 13 is divided by x?
5
Let q(b) = -11*b + 17 - b**2 + 7*b - 8*b + 0*b**2. What is the remainder when 49 is divided by q(-12)?
15
Let t(l) = 2*l**2 - l - 2. Let r(s) = -4*s**2 - 9*s + 2. Let p be r(-3). Calculate the remainder when p + 40 - (2 + -4 - 0) is divided by t(-3).
16
Let t = 508 + -460. Calculate the remainder when 378 is divided by t.
42
Let c(b) = 3*b**3 - 4*b**2 + 4*b - 2. Suppose 2*m + p - 1 = 6, 5*p - 5 = 0. Calculate the remainder when c(m) is divided by (-97)/(-5) - (-18)/(-45).
17
Suppose 5*b = -19 - 116. Let w(z) = z**3 + 10*z**2 - 7*z - 4. Let p be w(-8). What is the remainder when 17 is divided by (-3)/2*p/b?
7
Suppose 6*f = -3*w + 3*f + 15, 0 = -4*f - 20. Suppose 17*z + m = 15*z + 35, 3*z = -5*m + 49. What is the remainder when z is divided by w?
8
Suppose -3*v - 98 = 7*s - 8*s, -4*s = 2*v - 378. Calculate the remainder when 100 is divided by s.
5
Let l(k) = -130*k**2 - 1. Let x be l(1). Let y = x - -158. Calculate the remainder when y is divided by 15.
12
Let f = -161 + 241. Let b = f - 56. Suppose 4*o - b = -2*y - 2*y, -3*y + 5*o - 6 = 0. Calculate the remainder when y is divided by 1.
0
What is the remainder when 2/44*4 - 1242990/(-1386) is divided by 41?
36
Let d(m) = 3 - 123*m**2 + 3*m - 2*m + 136*m**2. What is the remainder when d(-2) is divided by 14?
11
Suppose 0 = -5*z + 2*j - 163, 5*z + 0*z + 169 = -4*j. Let p = z + 66. Calculate the remainder when 65 is divided by p.
32
What is the remainder when (-147)/(-2) - 24/(-16) is divided by 13?
10
Let a be (-1)/(-2 - -6 - 5). Calculate the remainder when (-5416)/(-48) + a/6 is divided by 29.
26
Let c(i) = -2*i + 1. Let o(v) = 2*v - 1. Let s(z) = -2*c(z) - 3*o(z). What is the remainder when s(-3) is divided by 2?
1
What is the remainder when 120/2*6 + 0 is divided by 3?
0
Suppose -126*x + 131*x = 400. What is the remainder when x is divided by 43?
37
Let a(g) = 16*g**2 + 2*g**2 + 11*g**2 - 1. Let i be a(-1). Suppose 133 = 5*d + i. Calculate the remainder when 83 is divided by d.
20
Suppose 0 = -c + 2*v + 394, c = -9*v + 4*v + 387. Suppose -c = -o - 7*o. What is the remainder when 93 is divided by o?
44
Suppose -c = 2*h - 185, 5*c + 258 = 2*h + h. Let f = h + -52. What is the remainder when f is divided by 20?
19
Suppose 99*y - 418 = 88*y. Calculate the remainder when 51 is divided by y.
13
What is the remainder when (-8)/((-360)/176 + 2) is divided by 62?
52
Suppose 0 = 4*r + 4*z - 156, 3*r + 2*z - 44 = 2*r. Suppose -2*l - r = -3*l. Calculate the remainder when 270 is divided by l.
32
Let o be (1/(-2))/((-9)/342). Suppose 20*z = o*z + 13. Let m = 38 - -11. What is the remainder when m is divided by z?
10
Let j be -387 + 9/(-27) + (-2)/3. Let b = -121 - j. Calculate the remainder when b is divided by 30.
27
Suppose 5*j = 10*j - 580. Suppose 6*v - 172 = j. Calculate the remainder when v is divided by 25.
23
Suppose 62 = p + 5*i - 181, -1155 = -5*p + 5*i. What is the remainder when p is divided by 76?
5
Calculate the remainder when 2205/(-60)*4/(-5)*5 is divided by 40.
27
Suppose -4*s + 13 + 15 = 0. Suppose -111 + 7 = -4*x. Calculate the remainder when x is divided by s.
5
Suppose j - 223 = -r - j, -j + 452 = 2*r. Calculate the remainder when r is divided by 58.
53
Calculate the remainder when 192 is divided by 15420/300 - 3/(-5).
36
Let c be (-2)/3 - ((-400)/15)/(-5). Let n(s) = s**3 + 6*s**2 - 3*s - 15. Let o(x) = -x**2 - 7*x - 4. Calculate the remainder when n(c) is divided by o(-6).
1
Let g = -14 + 70. Let d(h) = -17*h. Let a be d(-2). Let b = g - a. Calculate the remainder when b is divided by 12.
10
Let r(k) = -k**3 - 7. Suppose -i - 24 = 3*z + 4*i, -4*z - 3*i = 21. Calculate the remainder when 117 is divided by r(z).
17
Suppose 0 = -0*o - 4*o, -84 = -3*u + 2*o. Let q be (-19)/(-4) - 1/(-4). Suppose q*d - 6*d = -u. Calculate the remainder when 53 is divided by d.
25
Suppose 0*c + 5 = c. Suppose 19 = 29*m - 28*m. What is the remainder when m is divided by c?
4
What is the remainder when 103 is divided by (-8)/14 + (-3874)/(-91)?
19
Let o(h) = -h**2 + 10*h + 1. Let k be (-2)/(4/(-10)) - -3. Calculate the remainder when (-1995)/(-63) + -2 + (-8)/(-6) is divided by o(k).
14
Suppose 0 = 5*p + y - 20 - 347, -y + 71 = p. What is the remainder when p is divided by 64/(-96) - (-77)/3?
24
Let f(j) = -93*j**3 - 6*j**2 + 2*j + 3. Let u(l) = -l**3 + l**2 - 1. Let s(v) = -f(v) - 4*u(v). What is the remainder when s(1) is divided by 20?
18
Let m(f) = 6*f**3 - 2*f**2 + 1. Let z be m(1). Suppose 5*v = 4*j - 47, -z*j + 4*v + 36 = -2*j. Calculate the remainder when j is divided by 5.
3
Let k be ((-3)/(-9))/((-1)/(-12) + 0). Calculate the remainder when 127 is divided by k/(-1)*(-39)/6.
23
Let k(q) = -q**3 - q**2 - 2*q - 1. Suppose 5 = -3*a + 20. Let r be 2/a - (-36)/(-15). Calculate the remainder when 11 is divided by k(r).
4
Let j(u) = -u**2 - 31*u - 195. Calculate the remainder when j(-16) is divided by 31.
14
Let a = -112 - -168. Calculate the remainder when a is divided by 15.
11
Let o = 1001 + -975. What is the remainder when 258 is divided by o?
24
Let t = -425 + 489. Calculate the